{"id":17,"date":"2015-05-02T20:24:45","date_gmt":"2015-05-02T18:24:45","guid":{"rendered":"http:\/\/test.coherences.com\/BLOG-HM\/?page_id=17"},"modified":"2015-05-03T06:27:01","modified_gmt":"2015-05-03T04:27:01","slug":"le-reseau","status":"publish","type":"page","link":"https:\/\/test.coherences.com\/BLOG-HM\/","title":{"rendered":"Accueil"},"content":{"rendered":"<p>Le r\u00e9seau de l&rsquo;Humanisme M\u00e9thodologique est compos\u00e9 de plusieurs sites avec chacun ses sp\u00e9cificit\u00e9s d\u00e9crites ci dessous.<\/p>\n<p>Le plus ancien est\u00a0<a href=\"http:\/\/journal.coherences.com\" target=\"_blank\">le journal permanent de l&rsquo;Humanisme M\u00e9thodologique<\/a>. Il rassemble pr\u00e8s de 400 textes de l&rsquo;auteur portant sur les questions philosophiques, des \u00e9clairages, des propositions m\u00e9thodologiques et ce dans de nombreux domaines.<\/p>\n<p><a href=\"http:\/\/biencommun.coherences.com\" target=\"_blank\">Le Sens du bien commun<\/a>\u00a0est un site consacr\u00e9 \u00e0 des textes qui portent sur l&rsquo;actualit\u00e9<\/p>\n<p><a href=\"http:\/\/hm.coherences.com\" target=\"_blank\">Les le\u00e7ons de l&rsquo;Humanisme M\u00e9thodologique<\/a>\u00a0sont constitu\u00e9es de courts textes (deux pages), qui d\u00e9veloppement les fondements de cette\u00a0pens\u00e9e et ses implications.<\/p>\n<p><a href=\"http:\/\/uhm.coherences.com\" target=\"_blank\">L&rsquo;universit\u00e9 de l&rsquo;Humanisme M\u00e9thodologique<\/a>\u00a0est la plateforme des activit\u00e9s qui contribuent \u00e0 la transmission et la diffusion de\u00a0la pens\u00e9e et des travaux associ\u00e9s.<\/p>\n<p><a href=\"http:\/\/seminaires.coherences.com\" target=\"_blank\">Les discussions d&rsquo;Humanisme M\u00e9thodologique<\/a>\u00a0sont ouvertes \u00e0 ceux qui veulent poser des questions ou \u00e9changer autour de th\u00e8mes propos\u00e9s.<\/p>\n<p><a href=\"http:\/\/rendezvous.coherences.com\" target=\"_blank\">\u00ab\u00a0Les rendez-vous de l&rsquo;Humanisme M\u00e9thodologique<\/a>\u00a0\u00bb constitue le si\u00e8ge de la communaut\u00e9 d&rsquo;int\u00e9r\u00eat construite\u00a0autour de groupes et de cercles th\u00e9matiques d&rsquo;\u00e9changes, de formation, \u00a0d&rsquo;approfondissements et de r\u00e9alisations. Les membres de la communaut\u00e9 sont aussi invit\u00e9s \u00e0 des contacts r\u00e9ciproques qui permettent de\u00a0partager leurs int\u00e9r\u00eats et suivre l&rsquo;activit\u00e9 sur tout le r\u00e9seau.<\/p>\n<p>Roger Nifle<\/p>\n<p style=\"text-align: center;\">\n","protected":false},"excerpt":{"rendered":"<p>Le r\u00e9seau de l&rsquo;Humanisme M\u00e9thodologique est compos\u00e9 de plusieurs sites avec chacun ses sp\u00e9cificit\u00e9s d\u00e9crites ci dessous. Le plus ancien est\u00a0le journal permanent de l&rsquo;Humanisme M\u00e9thodologique. Il rassemble pr\u00e8s de 400 textes de l&rsquo;auteur portant sur les questions philosophiques, des \u00e9clairages, des propositions m\u00e9thodologiques et ce dans de nombreux domaines. Le Sens du bien commun\u00a0est [&hellip;]<\/p>\n","protected":false},"author":54,"featured_media":0,"parent":0,"menu_order":0,"comment_status":"closed","ping_status":"open","template":"","meta":{"footnotes":""},"class_list":["post-17","page","type-page","status-publish","hentry"],"_links":{"self":[{"href":"https:\/\/test.coherences.com\/BLOG-HM\/wp-json\/wp\/v2\/pages\/17","targetHints":{"allow":["GET"]}}],"collection":[{"href":"https:\/\/test.coherences.com\/BLOG-HM\/wp-json\/wp\/v2\/pages"}],"about":[{"href":"https:\/\/test.coherences.com\/BLOG-HM\/wp-json\/wp\/v2\/types\/page"}],"author":[{"embeddable":true,"href":"https:\/\/test.coherences.com\/BLOG-HM\/wp-json\/wp\/v2\/users\/54"}],"replies":[{"embeddable":true,"href":"https:\/\/test.coherences.com\/BLOG-HM\/wp-json\/wp\/v2\/comments?post=17"}],"version-history":[{"count":4,"href":"https:\/\/test.coherences.com\/BLOG-HM\/wp-json\/wp\/v2\/pages\/17\/revisions"}],"predecessor-version":[{"id":42,"href":"https:\/\/test.coherences.com\/BLOG-HM\/wp-json\/wp\/v2\/pages\/17\/revisions\/42"}],"wp:attachment":[{"href":"https:\/\/test.coherences.com\/BLOG-HM\/wp-json\/wp\/v2\/media?parent=17"}],"curies":[{"name":"wp","href":"https:\/\/api.w.org\/{rel}","templated":true}]}}